{"id":3153,"date":"2025-11-30T17:52:32","date_gmt":"2025-11-30T16:52:32","guid":{"rendered":"https:\/\/heleneantonetti.fr\/?page_id=3153"},"modified":"2026-01-21T09:07:53","modified_gmt":"2026-01-21T08:07:53","slug":"carte-cadeau-noel","status":"publish","type":"page","link":"https:\/\/heleneantonetti.fr\/?page_id=3153","title":{"rendered":"Carte cadeau"},"content":{"rendered":"\t\t<div data-elementor-type=\"wp-page\" data-elementor-id=\"3153\" class=\"elementor elementor-3153\">\n\t\t\t\t\t\t<section class=\"elementor-section elementor-top-section elementor-element elementor-element-bf63136 elementor-section-boxed elementor-section-height-default elementor-section-height-default\" data-id=\"bf63136\" data-element_type=\"section\">\n\t\t\t\t\t\t<div class=\"elementor-container elementor-column-gap-default\">\n\t\t\t\t\t<div class=\"elementor-column elementor-col-100 elementor-top-column elementor-element elementor-element-f555bab\" data-id=\"f555bab\" data-element_type=\"column\">\n\t\t\t<div class=\"elementor-widget-wrap\">\n\t\t\t\t\t\t\t<\/div>\n\t\t<\/div>\n\t\t\t\t\t<\/div>\n\t\t<\/section>\n\t\t\t\t<section class=\"elementor-section elementor-top-section elementor-element elementor-element-2431330 elementor-section-boxed elementor-section-height-default elementor-section-height-default\" data-id=\"2431330\" data-element_type=\"section\">\n\t\t\t\t\t\t<div class=\"elementor-container elementor-column-gap-default\">\n\t\t\t\t\t<div class=\"elementor-column elementor-col-100 elementor-top-column elementor-element elementor-element-54cd24a\" data-id=\"54cd24a\" data-element_type=\"column\">\n\t\t\t<div class=\"elementor-widget-wrap elementor-element-populated\">\n\t\t\t\t\t\t<div class=\"elementor-element elementor-element-0b67a43 elementor-widget-divider--view-line elementor-widget elementor-widget-divider\" data-id=\"0b67a43\" data-element_type=\"widget\" data-widget_type=\"divider.default\">\n\t\t\t\t<div class=\"elementor-widget-container\">\n\t\t\t\t\t\t\t<div class=\"elementor-divider\">\n\t\t\t<span class=\"elementor-divider-separator\">\n\t\t\t\t\t\t<\/span>\n\t\t<\/div>\n\t\t\t\t\t\t<\/div>\n\t\t\t\t<\/div>\n\t\t\t\t<div class=\"elementor-element elementor-element-4fb048c elementor-widget elementor-widget-heading\" data-id=\"4fb048c\" data-element_type=\"widget\" data-widget_type=\"heading.default\">\n\t\t\t\t<div class=\"elementor-widget-container\">\n\t\t\t\t\t<h1 class=\"elementor-heading-title elementor-size-xl\">Carte Cadeau<\/h1>\t\t\t\t<\/div>\n\t\t\t\t<\/div>\n\t\t\t\t<div class=\"elementor-element elementor-element-6b4931b elementor-widget elementor-widget-heading\" data-id=\"6b4931b\" data-element_type=\"widget\" data-widget_type=\"heading.default\">\n\t\t\t\t<div class=\"elementor-widget-container\">\n\t\t\t\t\t<h2 class=\"elementor-heading-title elementor-size-medium\">Un cadeau immat\u00e9riel qui traverse le temps<\/h2>\t\t\t\t<\/div>\n\t\t\t\t<\/div>\n\t\t\t\t<div class=\"elementor-element elementor-element-cc3ae72 elementor-widget-divider--view-line elementor-widget elementor-widget-divider\" data-id=\"cc3ae72\" data-element_type=\"widget\" data-widget_type=\"divider.default\">\n\t\t\t\t<div class=\"elementor-widget-container\">\n\t\t\t\t\t\t\t<div class=\"elementor-divider\">\n\t\t\t<span class=\"elementor-divider-separator\">\n\t\t\t\t\t\t<\/span>\n\t\t<\/div>\n\t\t\t\t\t\t<\/div>\n\t\t\t\t<\/div>\n\t\t\t\t<div class=\"elementor-element elementor-element-84956b2 elementor-hidden-desktop elementor-arrows-position-inside elementor-pagination-position-outside elementor-widget elementor-widget-image-carousel\" data-id=\"84956b2\" data-element_type=\"widget\" data-settings=\"{&quot;navigation&quot;:&quot;both&quot;,&quot;autoplay&quot;:&quot;yes&quot;,&quot;pause_on_hover&quot;:&quot;yes&quot;,&quot;pause_on_interaction&quot;:&quot;yes&quot;,&quot;autoplay_speed&quot;:5000,&quot;infinite&quot;:&quot;yes&quot;,&quot;speed&quot;:500}\" data-widget_type=\"image-carousel.default\">\n\t\t\t\t<div class=\"elementor-widget-container\">\n\t\t\t\t\t\t\t<div class=\"elementor-image-carousel-wrapper swiper\" role=\"region\" aria-roledescription=\"carousel\" aria-label=\"Carrousel d\u2019images\" dir=\"ltr\">\n\t\t\t<div class=\"elementor-image-carousel swiper-wrapper\" aria-live=\"off\">\n\t\t\t\t\t\t\t\t<div class=\"swiper-slide\" role=\"group\" aria-roledescription=\"slide\" aria-label=\"1 sur 2\"><figure class=\"swiper-slide-inner\"><img decoding=\"async\" class=\"swiper-slide-image\" src=\"https:\/\/heleneantonetti.fr\/wp-content\/uploads\/2026\/01\/Carte-cadeau-recto-1024x768.png\" alt=\"Carte cadeau recto\" \/><\/figure><\/div><div class=\"swiper-slide\" role=\"group\" aria-roledescription=\"slide\" aria-label=\"2 sur 2\"><figure class=\"swiper-slide-inner\"><img decoding=\"async\" class=\"swiper-slide-image\" src=\"https:\/\/heleneantonetti.fr\/wp-content\/uploads\/2026\/01\/Carte-cadeau-verso-1024x683.png\" alt=\"Carte cadeau verso\" \/><\/figure><\/div>\t\t\t<\/div>\n\t\t\t\t\t\t\t\t\t\t\t\t<div class=\"elementor-swiper-button elementor-swiper-button-prev\" role=\"button\" tabindex=\"0\">\n\t\t\t\t\t\t<i aria-hidden=\"true\" class=\"eicon-chevron-left\"><\/i>\t\t\t\t\t<\/div>\n\t\t\t\t\t<div class=\"elementor-swiper-button elementor-swiper-button-next\" role=\"button\" tabindex=\"0\">\n\t\t\t\t\t\t<i aria-hidden=\"true\" class=\"eicon-chevron-right\"><\/i>\t\t\t\t\t<\/div>\n\t\t\t\t\n\t\t\t\t\t\t\t\t\t<div class=\"swiper-pagination\"><\/div>\n\t\t\t\t\t\t\t\t\t<\/div>\n\t\t\t\t\t\t<\/div>\n\t\t\t\t<\/div>\n\t\t\t\t<div class=\"elementor-element elementor-element-54b74c7 elementor-hidden-mobile elementor-hidden-tablet elementor-widget elementor-widget-image-gallery\" data-id=\"54b74c7\" data-element_type=\"widget\" data-widget_type=\"image-gallery.default\">\n\t\t\t\t<div class=\"elementor-widget-container\">\n\t\t\t\t\t\t\t<div class=\"elementor-image-gallery\">\n\t\t\t<div id=\"kad-wp-gallery56\" class=\"kad-wp-gallery kad-light-wp-gallery clearfix kt-gallery-column-1 rowtight\"><div class=\"tcol-lg-12 tcol-md-12 tcol-sm-12 tcol-xs-12 tcol-ss-12 g_item\"><div class=\"grid_item kad_gallery_fade_in gallery_item\"><a href=\"https:\/\/heleneantonetti.fr\/wp-content\/uploads\/2026\/01\/Carte-cadeau-recto.png\" data-rel=\"lightbox\" class=\"lightboxhover\"><img fetchpriority=\"high\" decoding=\"async\" src=\"https:\/\/heleneantonetti.fr\/wp-content\/uploads\/2026\/01\/Carte-cadeau-recto-1200x1200.png\" width=\"1200\" height=\"1200\" alt=\"\" srcset=\"https:\/\/heleneantonetti.fr\/wp-content\/uploads\/2026\/01\/Carte-cadeau-recto-1200x1200.png 1200w, https:\/\/heleneantonetti.fr\/wp-content\/uploads\/2026\/01\/Carte-cadeau-recto-150x150.png 150w\" sizes=\"(max-width: 1200px) 100vw, 1200px\" class=\"light-dropshaddow\"\/><\/a><\/div><\/div><\/div>\t\t<\/div>\n\t\t\t\t\t\t<\/div>\n\t\t\t\t<\/div>\n\t\t\t\t<div class=\"elementor-element elementor-element-e70d48c elementor-widget elementor-widget-text-editor\" data-id=\"e70d48c\" data-element_type=\"widget\" data-widget_type=\"text-editor.default\">\n\t\t\t\t<div class=\"elementor-widget-container\">\n\t\t\t\t\t\t\t\t\t<p><strong><span style=\"text-align: start; caret-color: #000000; color: #000000; font-size: medium;\">Offrez bien plus qu\u2019un cadeau\u2026 offrez un souvenir inoubliable<\/span><\/strong><\/p>\t\t\t\t\t\t\t\t<\/div>\n\t\t\t\t<\/div>\n\t\t\t\t\t<\/div>\n\t\t<\/div>\n\t\t\t\t\t<\/div>\n\t\t<\/section>\n\t\t\t\t<section class=\"elementor-section elementor-top-section elementor-element elementor-element-9721477 elementor-section-boxed elementor-section-height-default elementor-section-height-default\" data-id=\"9721477\" data-element_type=\"section\">\n\t\t\t\t\t\t<div class=\"elementor-container elementor-column-gap-default\">\n\t\t\t\t\t<div class=\"elementor-column elementor-col-100 elementor-top-column elementor-element elementor-element-b8ecd57\" data-id=\"b8ecd57\" data-element_type=\"column\">\n\t\t\t<div class=\"elementor-widget-wrap elementor-element-populated\">\n\t\t\t\t\t\t<div class=\"elementor-element elementor-element-9b5e69a elementor-widget elementor-widget-text-editor\" data-id=\"9b5e69a\" data-element_type=\"widget\" data-widget_type=\"text-editor.default\">\n\t\t\t\t<div class=\"elementor-widget-container\">\n\t\t\t\t\t\t\t\t\t<p data-start=\"183\" data-end=\"417\">La carte cadeau photo est le cadeau id\u00e9al pour c\u00e9l\u00e9brer un moment pr\u00e9cieux, cr\u00e9er des souvenirs durables ou s\u2019offrir un instant rien qu\u2019\u00e0 soi.<br data-start=\"325\" data-end=\"328\">Valable pour tous mes shootings, elle s\u2019adapte \u00e0 chaque histoire et \u00e0 chaque sensibilit\u00e9.<\/p>\n<p data-start=\"419\" data-end=\"688\">Choisissez parmi :<br data-start=\"437\" data-end=\"440\"><strong data-start=\"442\" data-end=\"470\">Les shootings itin\u00e9rants<\/strong><br data-start=\"470\" data-end=\"473\">Je me d\u00e9place directement chez vous ou en ext\u00e9rieur pour des s\u00e9ances <strong data-start=\"542\" data-end=\"555\">grossesse<\/strong>, <strong data-start=\"557\" data-end=\"570\">naissance<\/strong> ou <strong data-start=\"574\" data-end=\"585\">famille<\/strong>.&nbsp;<span style=\"font-family: var( --e-global-typography-text-font-family ), Sans-serif;\">Une exp\u00e9rience douce, naturelle et authentique, pens\u00e9e pour capturer vos moments les plus importants.<\/span><\/p>\n<p data-start=\"690\" data-end=\"964\"><strong data-start=\"692\" data-end=\"735\">Les portraits \u00e0 la Fabrique du Portrait<\/strong><br data-start=\"735\" data-end=\"738\">\u2022 <strong data-start=\"740\" data-end=\"760\">Portrait Cr\u00e9atif<\/strong> \u2013 Une s\u00e9ance artistique et unique, enti\u00e8rement personnalis\u00e9e<br data-start=\"821\" data-end=\"824\">\u2022 <strong data-start=\"826\" data-end=\"853\">Portrait Complicit\u00e9 Duo<\/strong> \u2013 Pour vivre un moment fort \u00e0 deux<br data-start=\"888\" data-end=\"891\">\u2022 <strong data-start=\"893\" data-end=\"916\">Portrait R\u00e9v\u00e9lation<\/strong> \u2013 Un portrait puissant qui r\u00e9v\u00e8le votre essence<\/p>\t\t\t\t\t\t\t\t<\/div>\n\t\t\t\t<\/div>\n\t\t\t\t\t<\/div>\n\t\t<\/div>\n\t\t\t\t\t<\/div>\n\t\t<\/section>\n\t\t\t\t<section class=\"elementor-section elementor-top-section elementor-element elementor-element-57212f3 elementor-section-boxed elementor-section-height-default elementor-section-height-default\" data-id=\"57212f3\" data-element_type=\"section\">\n\t\t\t\t\t\t<div class=\"elementor-container elementor-column-gap-default\">\n\t\t\t\t\t<div class=\"elementor-column elementor-col-100 elementor-top-column elementor-element elementor-element-d4e1568\" data-id=\"d4e1568\" data-element_type=\"column\">\n\t\t\t<div class=\"elementor-widget-wrap elementor-element-populated\">\n\t\t\t\t\t\t<div class=\"elementor-element elementor-element-6272412 elementor-widget elementor-widget-image\" data-id=\"6272412\" data-element_type=\"widget\" data-widget_type=\"image.default\">\n\t\t\t\t<div class=\"elementor-widget-container\">\n\t\t\t\t\t\t\t\t\t\t\t\t\t\t\t\t<a href=\"https:\/\/www.fotostudio.io\/client\/catalogs\/LKQViZWEHajcVNBbyUr1iNjq\">\n\t\t\t\t\t\t\t<img decoding=\"async\" width=\"1024\" height=\"379\" src=\"https:\/\/heleneantonetti.fr\/wp-content\/uploads\/2025\/11\/Reservation-en-ligne-1024x379.jpg\" class=\"attachment-large size-large wp-image-3161\" alt=\"\" srcset=\"https:\/\/heleneantonetti.fr\/wp-content\/uploads\/2025\/11\/Reservation-en-ligne-1024x379.jpg 1024w, https:\/\/heleneantonetti.fr\/wp-content\/uploads\/2025\/11\/Reservation-en-ligne-300x111.jpg 300w, https:\/\/heleneantonetti.fr\/wp-content\/uploads\/2025\/11\/Reservation-en-ligne-768x284.jpg 768w, https:\/\/heleneantonetti.fr\/wp-content\/uploads\/2025\/11\/Reservation-en-ligne.jpg 1489w\" sizes=\"(max-width: 1024px) 100vw, 1024px\" \/>\t\t\t\t\t\t\t\t<\/a>\n\t\t\t\t\t\t\t\t\t\t\t\t\t\t\t<\/div>\n\t\t\t\t<\/div>\n\t\t\t\t\t<\/div>\n\t\t<\/div>\n\t\t\t\t\t<\/div>\n\t\t<\/section>\n\t\t\t\t<\/div>\n\t\t","protected":false},"excerpt":{"rendered":"<p>Carte Cadeau Un cadeau immat\u00e9riel qui traverse le temps Offrez bien plus qu\u2019un cadeau\u2026 offrez un souvenir inoubliable La carte cadeau photo est le cadeau id\u00e9al pour c\u00e9l\u00e9brer un moment pr\u00e9cieux, cr\u00e9er des souvenirs durables ou s\u2019offrir un instant rien &hellip; <a href=\"https:\/\/heleneantonetti.fr\/?page_id=3153\">Lire la suite\u00ad\u00ad<\/a><\/p>\n","protected":false},"author":1,"featured_media":0,"parent":0,"menu_order":0,"comment_status":"closed","ping_status":"closed","template":"","meta":{"_eb_attr":"","footnotes":""},"class_list":["post-3153","page","type-page","status-publish","hentry"],"yoast_head":"<!-- This site is optimized with the Yoast SEO plugin v25.1 - https:\/\/yoast.com\/wordpress\/plugins\/seo\/ -->\n<title>Carte cadeau -<\/title>\n<meta name=\"robots\" content=\"index, follow, max-snippet:-1, max-image-preview:large, max-video-preview:-1\" \/>\n<link rel=\"canonical\" href=\"https:\/\/heleneantonetti.fr\/?page_id=3153\" \/>\n<meta property=\"og:locale\" content=\"fr_FR\" \/>\n<meta property=\"og:type\" content=\"article\" \/>\n<meta property=\"og:title\" content=\"Carte cadeau -\" \/>\n<meta property=\"og:description\" content=\"Carte Cadeau Un cadeau immat\u00e9riel qui traverse le temps Offrez bien plus qu\u2019un cadeau\u2026 offrez un souvenir inoubliable La carte cadeau photo est le cadeau id\u00e9al pour c\u00e9l\u00e9brer un moment pr\u00e9cieux, cr\u00e9er des souvenirs durables ou s\u2019offrir un instant rien &hellip; Lire la suite\u00ad\u00ad\" \/>\n<meta property=\"og:url\" content=\"https:\/\/heleneantonetti.fr\/?page_id=3153\" \/>\n<meta property=\"article:modified_time\" content=\"2026-01-21T08:07:53+00:00\" \/>\n<meta property=\"og:image\" content=\"https:\/\/heleneantonetti.fr\/wp-content\/uploads\/2026\/01\/Carte-cadeau-recto-1024x768.png\" \/>\n<meta name=\"twitter:card\" content=\"summary_large_image\" \/>\n<meta name=\"twitter:label1\" content=\"Dur\u00e9e de lecture estim\u00e9e\" \/>\n\t<meta name=\"twitter:data1\" content=\"2 minutes\" \/>\n<script type=\"application\/ld+json\" class=\"yoast-schema-graph\">{\"@context\":\"https:\/\/schema.org\",\"@graph\":[{\"@type\":\"WebPage\",\"@id\":\"https:\/\/heleneantonetti.fr\/?page_id=3153\",\"url\":\"https:\/\/heleneantonetti.fr\/?page_id=3153\",\"name\":\"Carte cadeau -\",\"isPartOf\":{\"@id\":\"https:\/\/heleneantonetti.fr\/#website\"},\"primaryImageOfPage\":{\"@id\":\"https:\/\/heleneantonetti.fr\/?page_id=3153#primaryimage\"},\"image\":{\"@id\":\"https:\/\/heleneantonetti.fr\/?page_id=3153#primaryimage\"},\"thumbnailUrl\":\"https:\/\/heleneantonetti.fr\/wp-content\/uploads\/2026\/01\/Carte-cadeau-recto-1024x768.png\",\"datePublished\":\"2025-11-30T16:52:32+00:00\",\"dateModified\":\"2026-01-21T08:07:53+00:00\",\"breadcrumb\":{\"@id\":\"https:\/\/heleneantonetti.fr\/?page_id=3153#breadcrumb\"},\"inLanguage\":\"fr-FR\",\"potentialAction\":[{\"@type\":\"ReadAction\",\"target\":[\"https:\/\/heleneantonetti.fr\/?page_id=3153\"]}]},{\"@type\":\"ImageObject\",\"inLanguage\":\"fr-FR\",\"@id\":\"https:\/\/heleneantonetti.fr\/?page_id=3153#primaryimage\",\"url\":\"https:\/\/heleneantonetti.fr\/wp-content\/uploads\/2026\/01\/Carte-cadeau-recto.png\",\"contentUrl\":\"https:\/\/heleneantonetti.fr\/wp-content\/uploads\/2026\/01\/Carte-cadeau-recto.png\",\"width\":4000,\"height\":3000},{\"@type\":\"BreadcrumbList\",\"@id\":\"https:\/\/heleneantonetti.fr\/?page_id=3153#breadcrumb\",\"itemListElement\":[{\"@type\":\"ListItem\",\"position\":1,\"name\":\"Accueil\",\"item\":\"https:\/\/heleneantonetti.fr\/\"},{\"@type\":\"ListItem\",\"position\":2,\"name\":\"Carte cadeau\"}]},{\"@type\":\"WebSite\",\"@id\":\"https:\/\/heleneantonetti.fr\/#website\",\"url\":\"https:\/\/heleneantonetti.fr\/\",\"name\":\"\",\"description\":\"Fa\u00eetes-vous plaisir en immortalisant vos instants importants !\",\"potentialAction\":[{\"@type\":\"SearchAction\",\"target\":{\"@type\":\"EntryPoint\",\"urlTemplate\":\"https:\/\/heleneantonetti.fr\/?s={search_term_string}\"},\"query-input\":{\"@type\":\"PropertyValueSpecification\",\"valueRequired\":true,\"valueName\":\"search_term_string\"}}],\"inLanguage\":\"fr-FR\"}]}<\/script>\n<!-- \/ Yoast SEO plugin. -->","yoast_head_json":{"title":"Carte cadeau -","robots":{"index":"index","follow":"follow","max-snippet":"max-snippet:-1","max-image-preview":"max-image-preview:large","max-video-preview":"max-video-preview:-1"},"canonical":"https:\/\/heleneantonetti.fr\/?page_id=3153","og_locale":"fr_FR","og_type":"article","og_title":"Carte cadeau -","og_description":"Carte Cadeau Un cadeau immat\u00e9riel qui traverse le temps Offrez bien plus qu\u2019un cadeau\u2026 offrez un souvenir inoubliable La carte cadeau photo est le cadeau id\u00e9al pour c\u00e9l\u00e9brer un moment pr\u00e9cieux, cr\u00e9er des souvenirs durables ou s\u2019offrir un instant rien &hellip; Lire la suite\u00ad\u00ad","og_url":"https:\/\/heleneantonetti.fr\/?page_id=3153","article_modified_time":"2026-01-21T08:07:53+00:00","og_image":[{"url":"https:\/\/heleneantonetti.fr\/wp-content\/uploads\/2026\/01\/Carte-cadeau-recto-1024x768.png","type":"","width":"","height":""}],"twitter_card":"summary_large_image","twitter_misc":{"Dur\u00e9e de lecture estim\u00e9e":"2 minutes"},"schema":{"@context":"https:\/\/schema.org","@graph":[{"@type":"WebPage","@id":"https:\/\/heleneantonetti.fr\/?page_id=3153","url":"https:\/\/heleneantonetti.fr\/?page_id=3153","name":"Carte cadeau -","isPartOf":{"@id":"https:\/\/heleneantonetti.fr\/#website"},"primaryImageOfPage":{"@id":"https:\/\/heleneantonetti.fr\/?page_id=3153#primaryimage"},"image":{"@id":"https:\/\/heleneantonetti.fr\/?page_id=3153#primaryimage"},"thumbnailUrl":"https:\/\/heleneantonetti.fr\/wp-content\/uploads\/2026\/01\/Carte-cadeau-recto-1024x768.png","datePublished":"2025-11-30T16:52:32+00:00","dateModified":"2026-01-21T08:07:53+00:00","breadcrumb":{"@id":"https:\/\/heleneantonetti.fr\/?page_id=3153#breadcrumb"},"inLanguage":"fr-FR","potentialAction":[{"@type":"ReadAction","target":["https:\/\/heleneantonetti.fr\/?page_id=3153"]}]},{"@type":"ImageObject","inLanguage":"fr-FR","@id":"https:\/\/heleneantonetti.fr\/?page_id=3153#primaryimage","url":"https:\/\/heleneantonetti.fr\/wp-content\/uploads\/2026\/01\/Carte-cadeau-recto.png","contentUrl":"https:\/\/heleneantonetti.fr\/wp-content\/uploads\/2026\/01\/Carte-cadeau-recto.png","width":4000,"height":3000},{"@type":"BreadcrumbList","@id":"https:\/\/heleneantonetti.fr\/?page_id=3153#breadcrumb","itemListElement":[{"@type":"ListItem","position":1,"name":"Accueil","item":"https:\/\/heleneantonetti.fr\/"},{"@type":"ListItem","position":2,"name":"Carte cadeau"}]},{"@type":"WebSite","@id":"https:\/\/heleneantonetti.fr\/#website","url":"https:\/\/heleneantonetti.fr\/","name":"","description":"Fa\u00eetes-vous plaisir en immortalisant vos instants importants !","potentialAction":[{"@type":"SearchAction","target":{"@type":"EntryPoint","urlTemplate":"https:\/\/heleneantonetti.fr\/?s={search_term_string}"},"query-input":{"@type":"PropertyValueSpecification","valueRequired":true,"valueName":"search_term_string"}}],"inLanguage":"fr-FR"}]}},"_links":{"self":[{"href":"https:\/\/heleneantonetti.fr\/index.php?rest_route=\/wp\/v2\/pages\/3153","targetHints":{"allow":["GET"]}}],"collection":[{"href":"https:\/\/heleneantonetti.fr\/index.php?rest_route=\/wp\/v2\/pages"}],"about":[{"href":"https:\/\/heleneantonetti.fr\/index.php?rest_route=\/wp\/v2\/types\/page"}],"author":[{"embeddable":true,"href":"https:\/\/heleneantonetti.fr\/index.php?rest_route=\/wp\/v2\/users\/1"}],"replies":[{"embeddable":true,"href":"https:\/\/heleneantonetti.fr\/index.php?rest_route=%2Fwp%2Fv2%2Fcomments&post=3153"}],"version-history":[{"count":14,"href":"https:\/\/heleneantonetti.fr\/index.php?rest_route=\/wp\/v2\/pages\/3153\/revisions"}],"predecessor-version":[{"id":3192,"href":"https:\/\/heleneantonetti.fr\/index.php?rest_route=\/wp\/v2\/pages\/3153\/revisions\/3192"}],"wp:attachment":[{"href":"https:\/\/heleneantonetti.fr\/index.php?rest_route=%2Fwp%2Fv2%2Fmedia&parent=3153"}],"curies":[{"name":"wp","href":"https:\/\/api.w.org\/{rel}","templated":true}]}}