{"id":2847,"date":"2025-08-28T18:21:40","date_gmt":"2025-08-28T16:21:40","guid":{"rendered":"https:\/\/heleneantonetti.fr\/?page_id=2847"},"modified":"2025-08-28T18:27:43","modified_gmt":"2025-08-28T16:27:43","slug":"vie-locale-et-evenements-2","status":"publish","type":"page","link":"https:\/\/heleneantonetti.fr\/?page_id=2847","title":{"rendered":"Vie locale et \u00e9v\u00e8nements"},"content":{"rendered":"\t\t<div data-elementor-type=\"wp-page\" data-elementor-id=\"2847\" class=\"elementor elementor-2847\">\n\t\t\t\t\t\t<section class=\"elementor-section elementor-top-section elementor-element elementor-element-27f30d2c elementor-section-boxed elementor-section-height-default elementor-section-height-default\" data-id=\"27f30d2c\" data-element_type=\"section\">\n\t\t\t\t\t\t<div class=\"elementor-container elementor-column-gap-default\">\n\t\t\t\t\t<div class=\"elementor-column elementor-col-100 elementor-top-column elementor-element elementor-element-2afae6ae\" data-id=\"2afae6ae\" data-element_type=\"column\">\n\t\t\t<div class=\"elementor-widget-wrap elementor-element-populated\">\n\t\t\t\t\t\t<div class=\"elementor-element elementor-element-536b9f5c elementor-widget-divider--view-line elementor-widget elementor-widget-divider\" data-id=\"536b9f5c\" data-element_type=\"widget\" data-widget_type=\"divider.default\">\n\t\t\t\t<div class=\"elementor-widget-container\">\n\t\t\t\t\t\t\t<div class=\"elementor-divider\">\n\t\t\t<span class=\"elementor-divider-separator\">\n\t\t\t\t\t\t<\/span>\n\t\t<\/div>\n\t\t\t\t\t\t<\/div>\n\t\t\t\t<\/div>\n\t\t\t\t<div class=\"elementor-element elementor-element-1c4993fe elementor-widget elementor-widget-heading\" data-id=\"1c4993fe\" data-element_type=\"widget\" data-widget_type=\"heading.default\">\n\t\t\t\t<div class=\"elementor-widget-container\">\n\t\t\t\t\t<h1 class=\"elementor-heading-title elementor-size-xl\">Vie locale et \u00e9v\u00e8nements<\/h1>\t\t\t\t<\/div>\n\t\t\t\t<\/div>\n\t\t\t\t<div class=\"elementor-element elementor-element-359615de elementor-widget elementor-widget-heading\" data-id=\"359615de\" data-element_type=\"widget\" data-widget_type=\"heading.default\">\n\t\t\t\t<div class=\"elementor-widget-container\">\n\t\t\t\t\t<h2 class=\"elementor-heading-title elementor-size-medium\">Voir, revivre, partager<\/h2>\t\t\t\t<\/div>\n\t\t\t\t<\/div>\n\t\t\t\t<div class=\"elementor-element elementor-element-7f4b7bdb elementor-widget-divider--view-line elementor-widget elementor-widget-divider\" data-id=\"7f4b7bdb\" data-element_type=\"widget\" data-widget_type=\"divider.default\">\n\t\t\t\t<div class=\"elementor-widget-container\">\n\t\t\t\t\t\t\t<div class=\"elementor-divider\">\n\t\t\t<span class=\"elementor-divider-separator\">\n\t\t\t\t\t\t<\/span>\n\t\t<\/div>\n\t\t\t\t\t\t<\/div>\n\t\t\t\t<\/div>\n\t\t\t\t<div class=\"elementor-element elementor-element-7ce20e0e elementor-hidden-desktop elementor-arrows-position-inside elementor-pagination-position-outside elementor-widget elementor-widget-image-carousel\" data-id=\"7ce20e0e\" data-element_type=\"widget\" data-settings=\"{&quot;navigation&quot;:&quot;both&quot;,&quot;autoplay&quot;:&quot;yes&quot;,&quot;pause_on_hover&quot;:&quot;yes&quot;,&quot;pause_on_interaction&quot;:&quot;yes&quot;,&quot;autoplay_speed&quot;:5000,&quot;infinite&quot;:&quot;yes&quot;,&quot;speed&quot;:500}\" data-widget_type=\"image-carousel.default\">\n\t\t\t\t<div class=\"elementor-widget-container\">\n\t\t\t\t\t\t\t<div class=\"elementor-image-carousel-wrapper swiper\" role=\"region\" aria-roledescription=\"carousel\" aria-label=\"Carrousel d\u2019images\" dir=\"ltr\">\n\t\t\t<div class=\"elementor-image-carousel swiper-wrapper\" aria-live=\"off\">\n\t\t\t\t\t\t\t\t<div class=\"swiper-slide\" role=\"group\" aria-roledescription=\"slide\" aria-label=\"1 sur 4\"><figure class=\"swiper-slide-inner\"><img decoding=\"async\" class=\"swiper-slide-image\" src=\"https:\/\/heleneantonetti.fr\/wp-content\/uploads\/2025\/08\/Marche-de-Noel-2-1024x683.jpg\" alt=\"March\u00e9 de No\u00ebl-2\" \/><\/figure><\/div><div class=\"swiper-slide\" role=\"group\" aria-roledescription=\"slide\" aria-label=\"2 sur 4\"><figure class=\"swiper-slide-inner\"><img decoding=\"async\" class=\"swiper-slide-image\" src=\"https:\/\/heleneantonetti.fr\/wp-content\/uploads\/2025\/08\/Spectacle-musique-1-1024x683.jpg\" alt=\"Spectacle musique-1\" \/><\/figure><\/div><div class=\"swiper-slide\" role=\"group\" aria-roledescription=\"slide\" aria-label=\"3 sur 4\"><figure class=\"swiper-slide-inner\"><img decoding=\"async\" class=\"swiper-slide-image\" src=\"https:\/\/heleneantonetti.fr\/wp-content\/uploads\/2025\/08\/Parade-de-Noel-Le-Perray-2024-1-1024x683.jpg\" alt=\"Parade de No\u00ebl-Le Perray 2024-1\" \/><\/figure><\/div><div class=\"swiper-slide\" role=\"group\" aria-roledescription=\"slide\" aria-label=\"4 sur 4\"><figure class=\"swiper-slide-inner\"><img decoding=\"async\" class=\"swiper-slide-image\" src=\"https:\/\/heleneantonetti.fr\/wp-content\/uploads\/2025\/08\/defile-gendarmes-1-1024x683.jpg\" alt=\"d\u00e9fil\u00e9 gendarmes-1\" \/><\/figure><\/div>\t\t\t<\/div>\n\t\t\t\t\t\t\t\t\t\t\t\t<div class=\"elementor-swiper-button elementor-swiper-button-prev\" role=\"button\" tabindex=\"0\">\n\t\t\t\t\t\t<i aria-hidden=\"true\" class=\"eicon-chevron-left\"><\/i>\t\t\t\t\t<\/div>\n\t\t\t\t\t<div class=\"elementor-swiper-button elementor-swiper-button-next\" role=\"button\" tabindex=\"0\">\n\t\t\t\t\t\t<i aria-hidden=\"true\" class=\"eicon-chevron-right\"><\/i>\t\t\t\t\t<\/div>\n\t\t\t\t\n\t\t\t\t\t\t\t\t\t<div class=\"swiper-pagination\"><\/div>\n\t\t\t\t\t\t\t\t\t<\/div>\n\t\t\t\t\t\t<\/div>\n\t\t\t\t<\/div>\n\t\t\t\t<div class=\"elementor-element elementor-element-4020c75f elementor-hidden-mobile elementor-hidden-tablet elementor-widget elementor-widget-image-gallery\" data-id=\"4020c75f\" data-element_type=\"widget\" data-widget_type=\"image-gallery.default\">\n\t\t\t\t<div class=\"elementor-widget-container\">\n\t\t\t\t\t\t\t<div class=\"elementor-image-gallery\">\n\t\t\t<div id=\"kad-wp-gallery68\" class=\"kad-wp-gallery kad-light-wp-gallery clearfix kt-gallery-column-4 rowtight\"><div class=\"tcol-lg-3 tcol-md-3 tcol-sm-4 tcol-xs-6 tcol-ss-12 g_item\"><div class=\"grid_item kad_gallery_fade_in gallery_item\"><a href=\"https:\/\/heleneantonetti.fr\/wp-content\/uploads\/2025\/08\/Parade-de-Noel-Le-Perray-2024-1-scaled.jpg\" data-rel=\"lightbox\" class=\"lightboxhover\"><img fetchpriority=\"high\" decoding=\"async\" src=\"https:\/\/heleneantonetti.fr\/wp-content\/uploads\/2025\/08\/Parade-de-Noel-Le-Perray-2024-1-scaled-300x300.jpg\" width=\"300\" height=\"300\" alt=\"\" srcset=\"https:\/\/heleneantonetti.fr\/wp-content\/uploads\/2025\/08\/Parade-de-Noel-Le-Perray-2024-1-scaled-300x300.jpg 300w, https:\/\/heleneantonetti.fr\/wp-content\/uploads\/2025\/08\/Parade-de-Noel-Le-Perray-2024-1-150x150.jpg 150w, https:\/\/heleneantonetti.fr\/wp-content\/uploads\/2025\/08\/Parade-de-Noel-Le-Perray-2024-1-scaled-600x600.jpg 600w\" sizes=\"(max-width: 300px) 100vw, 300px\" class=\"light-dropshaddow\"\/><\/a><\/div><\/div><div class=\"tcol-lg-3 tcol-md-3 tcol-sm-4 tcol-xs-6 tcol-ss-12 g_item\"><div class=\"grid_item kad_gallery_fade_in gallery_item\"><a href=\"https:\/\/heleneantonetti.fr\/wp-content\/uploads\/2025\/08\/Spectacle-musique-1-1-scaled.jpg\" data-rel=\"lightbox\" class=\"lightboxhover\"><img decoding=\"async\" src=\"https:\/\/heleneantonetti.fr\/wp-content\/uploads\/2025\/08\/Spectacle-musique-1-1-scaled-300x300.jpg\" width=\"300\" height=\"300\" alt=\"\" srcset=\"https:\/\/heleneantonetti.fr\/wp-content\/uploads\/2025\/08\/Spectacle-musique-1-1-scaled-300x300.jpg 300w, https:\/\/heleneantonetti.fr\/wp-content\/uploads\/2025\/08\/Spectacle-musique-1-1-150x150.jpg 150w, https:\/\/heleneantonetti.fr\/wp-content\/uploads\/2025\/08\/Spectacle-musique-1-1-scaled-600x600.jpg 600w\" sizes=\"(max-width: 300px) 100vw, 300px\" class=\"light-dropshaddow\"\/><\/a><\/div><\/div><div class=\"tcol-lg-3 tcol-md-3 tcol-sm-4 tcol-xs-6 tcol-ss-12 g_item\"><div class=\"grid_item kad_gallery_fade_in gallery_item\"><a href=\"https:\/\/heleneantonetti.fr\/wp-content\/uploads\/2025\/08\/defile-gendarmes-1-scaled.jpg\" data-rel=\"lightbox\" class=\"lightboxhover\"><img decoding=\"async\" src=\"https:\/\/heleneantonetti.fr\/wp-content\/uploads\/2025\/08\/defile-gendarmes-1-scaled-300x300.jpg\" width=\"300\" height=\"300\" alt=\"\" srcset=\"https:\/\/heleneantonetti.fr\/wp-content\/uploads\/2025\/08\/defile-gendarmes-1-scaled-300x300.jpg 300w, https:\/\/heleneantonetti.fr\/wp-content\/uploads\/2025\/08\/defile-gendarmes-1-150x150.jpg 150w, https:\/\/heleneantonetti.fr\/wp-content\/uploads\/2025\/08\/defile-gendarmes-1-scaled-600x600.jpg 600w\" sizes=\"(max-width: 300px) 100vw, 300px\" class=\"light-dropshaddow\"\/><\/a><\/div><\/div><div class=\"tcol-lg-3 tcol-md-3 tcol-sm-4 tcol-xs-6 tcol-ss-12 g_item\"><div class=\"grid_item kad_gallery_fade_in gallery_item\"><a href=\"https:\/\/heleneantonetti.fr\/wp-content\/uploads\/2025\/08\/Marche-de-Noel-2-scaled.jpg\" data-rel=\"lightbox\" class=\"lightboxhover\"><img loading=\"lazy\" decoding=\"async\" src=\"https:\/\/heleneantonetti.fr\/wp-content\/uploads\/2025\/08\/Marche-de-Noel-2-scaled-300x300.jpg\" width=\"300\" height=\"300\" alt=\"\" srcset=\"https:\/\/heleneantonetti.fr\/wp-content\/uploads\/2025\/08\/Marche-de-Noel-2-scaled-300x300.jpg 300w, https:\/\/heleneantonetti.fr\/wp-content\/uploads\/2025\/08\/Marche-de-Noel-2-150x150.jpg 150w, https:\/\/heleneantonetti.fr\/wp-content\/uploads\/2025\/08\/Marche-de-Noel-2-scaled-600x600.jpg 600w\" sizes=\"(max-width: 300px) 100vw, 300px\" class=\"light-dropshaddow\"\/><\/a><\/div><\/div><\/div>\t\t<\/div>\n\t\t\t\t\t\t<\/div>\n\t\t\t\t<\/div>\n\t\t\t\t<div class=\"elementor-element elementor-element-67f7cedd elementor-widget elementor-widget-text-editor\" data-id=\"67f7cedd\" data-element_type=\"widget\" data-widget_type=\"text-editor.default\">\n\t\t\t\t<div class=\"elementor-widget-container\">\n\t\t\t\t\t\t\t\t\t<p>F\u00eate de village, march\u00e9 de No\u00ebl, concert en plein air\u2026 Ces moments font battre le c\u0153ur d\u2019une ville. Mon r\u00f4le? En capturer l\u2019intensit\u00e9, les regards, la lumi\u00e8re, les sourires \u2013 tout ce qui fait l\u2019\u00e2me de vos \u00e9v\u00e9nements.<\/p><p>Des images vraies, fortes, humaines. Pour faire revivre l\u2019ambiance, valoriser les temps forts, et raconter l\u2019histoire de votre commune avec \u00e9motion et simplicit\u00e9.<\/p>\t\t\t\t\t\t\t\t<\/div>\n\t\t\t\t<\/div>\n\t\t\t\t\t<\/div>\n\t\t<\/div>\n\t\t\t\t\t<\/div>\n\t\t<\/section>\n\t\t\t\t<section class=\"elementor-section elementor-top-section elementor-element elementor-element-65d2dec1 elementor-section-boxed elementor-section-height-default elementor-section-height-default\" data-id=\"65d2dec1\" data-element_type=\"section\">\n\t\t\t\t\t\t<div class=\"elementor-container elementor-column-gap-default\">\n\t\t\t\t\t<div class=\"elementor-column elementor-col-100 elementor-top-column elementor-element elementor-element-58f67463\" data-id=\"58f67463\" data-element_type=\"column\">\n\t\t\t<div class=\"elementor-widget-wrap elementor-element-populated\">\n\t\t\t\t\t\t<div class=\"elementor-element elementor-element-3b0b1a1e elementor-widget elementor-widget-spacer\" data-id=\"3b0b1a1e\" data-element_type=\"widget\" data-widget_type=\"spacer.default\">\n\t\t\t\t<div class=\"elementor-widget-container\">\n\t\t\t\t\t\t\t<div class=\"elementor-spacer\">\n\t\t\t<div class=\"elementor-spacer-inner\"><\/div>\n\t\t<\/div>\n\t\t\t\t\t\t<\/div>\n\t\t\t\t<\/div>\n\t\t\t\t<div class=\"elementor-element elementor-element-377b6236 elementor-widget-divider--view-line elementor-widget elementor-widget-divider\" data-id=\"377b6236\" data-element_type=\"widget\" data-widget_type=\"divider.default\">\n\t\t\t\t<div class=\"elementor-widget-container\">\n\t\t\t\t\t\t\t<div class=\"elementor-divider\">\n\t\t\t<span class=\"elementor-divider-separator\">\n\t\t\t\t\t\t<\/span>\n\t\t<\/div>\n\t\t\t\t\t\t<\/div>\n\t\t\t\t<\/div>\n\t\t\t\t<div class=\"elementor-element elementor-element-697f2b71 elementor-widget elementor-widget-heading\" data-id=\"697f2b71\" data-element_type=\"widget\" data-widget_type=\"heading.default\">\n\t\t\t\t<div class=\"elementor-widget-container\">\n\t\t\t\t\t<h2 class=\"elementor-heading-title elementor-size-medium\"><span class=\"elementor-heading-title elementor-size-medium elementor-inline-editing pen\" data-elementor-setting-key=\"title\" data-pen-placeholder=\"\u00c9crivez ici...\" style=\"margin-bottom: 22.390625px; outline-color: currentcolor; outline-style: none;\"><br>Concernant les tarifs, le devis est personnalis\u00e9 selon vos besoins. Contactez-moi !<\/span><\/h2>\t\t\t\t<\/div>\n\t\t\t\t<\/div>\n\t\t\t\t<div class=\"elementor-element elementor-element-5fb53ca1 elementor-widget-divider--view-line elementor-widget elementor-widget-divider\" data-id=\"5fb53ca1\" data-element_type=\"widget\" data-widget_type=\"divider.default\">\n\t\t\t\t<div class=\"elementor-widget-container\">\n\t\t\t\t\t\t\t<div class=\"elementor-divider\">\n\t\t\t<span class=\"elementor-divider-separator\">\n\t\t\t\t\t\t<\/span>\n\t\t<\/div>\n\t\t\t\t\t\t<\/div>\n\t\t\t\t<\/div>\n\t\t\t\t\t<\/div>\n\t\t<\/div>\n\t\t\t\t\t<\/div>\n\t\t<\/section>\n\t\t\t\t<section class=\"elementor-section elementor-top-section elementor-element elementor-element-5b719dd8 elementor-section-boxed elementor-section-height-default elementor-section-height-default\" data-id=\"5b719dd8\" data-element_type=\"section\">\n\t\t\t\t\t\t<div class=\"elementor-container elementor-column-gap-default\">\n\t\t\t\t\t<div class=\"elementor-column elementor-col-33 elementor-top-column elementor-element elementor-element-130ab981\" data-id=\"130ab981\" data-element_type=\"column\">\n\t\t\t<div class=\"elementor-widget-wrap\">\n\t\t\t\t\t\t\t<\/div>\n\t\t<\/div>\n\t\t\t\t<div class=\"elementor-column elementor-col-33 elementor-top-column elementor-element elementor-element-bc11930\" data-id=\"bc11930\" data-element_type=\"column\">\n\t\t\t<div class=\"elementor-widget-wrap elementor-element-populated\">\n\t\t\t\t\t\t<div class=\"elementor-element elementor-element-2ae39dd1 elementor-widget elementor-widget-spacer\" data-id=\"2ae39dd1\" data-element_type=\"widget\" data-widget_type=\"spacer.default\">\n\t\t\t\t<div class=\"elementor-widget-container\">\n\t\t\t\t\t\t\t<div class=\"elementor-spacer\">\n\t\t\t<div class=\"elementor-spacer-inner\"><\/div>\n\t\t<\/div>\n\t\t\t\t\t\t<\/div>\n\t\t\t\t<\/div>\n\t\t\t\t<div class=\"elementor-element elementor-element-5c99c62d elementor-align-center elementor-mobile-align-center elementor-widget__width-inherit elementor-icon-list--layout-traditional elementor-list-item-link-full_width elementor-widget elementor-widget-icon-list\" data-id=\"5c99c62d\" data-element_type=\"widget\" data-widget_type=\"icon-list.default\">\n\t\t\t\t<div class=\"elementor-widget-container\">\n\t\t\t\t\t\t\t<ul class=\"elementor-icon-list-items\">\n\t\t\t\t\t\t\t<li class=\"elementor-icon-list-item\">\n\t\t\t\t\t\t\t\t\t\t\t<a href=\"mailto:helene.antonetti@gmail.com\">\n\n\t\t\t\t\t\t\t\t\t\t\t\t<span class=\"elementor-icon-list-icon\">\n\t\t\t\t\t\t\t\t\t\t\t\t\t\t\t\t<i class=\"fa fa-envelope-o\" aria-hidden=\"true\"><\/i>\n\t\t\t\t\t\t\t\t\t\t\t\t\t<\/span>\n\t\t\t\t\t\t\t\t\t\t<span class=\"elementor-icon-list-text\">helene.antonetti@gmail.com<\/span>\n\t\t\t\t\t\t\t\t\t\t\t<\/a>\n\t\t\t\t\t\t\t\t\t<\/li>\n\t\t\t\t\t\t\t\t<li class=\"elementor-icon-list-item\">\n\t\t\t\t\t\t\t\t\t\t\t<span class=\"elementor-icon-list-icon\">\n\t\t\t\t\t\t\t\t\t\t\t\t\t\t\t\t<i class=\"fa fa-tablet\" aria-hidden=\"true\"><\/i>\n\t\t\t\t\t\t\t\t\t\t\t\t\t<\/span>\n\t\t\t\t\t\t\t\t\t\t<span class=\"elementor-icon-list-text\">06 64 38 79 27<\/span>\n\t\t\t\t\t\t\t\t\t<\/li>\n\t\t\t\t\t\t\t\t<li class=\"elementor-icon-list-item\">\n\t\t\t\t\t\t\t\t\t\t\t<span class=\"elementor-icon-list-icon\">\n\t\t\t\t\t\t\t\t\t\t\t\t\t\t\t\t<i class=\"fa fa-laptop\" aria-hidden=\"true\"><\/i>\n\t\t\t\t\t\t\t\t\t\t\t\t\t<\/span>\n\t\t\t\t\t\t\t\t\t\t<span class=\"elementor-icon-list-text\">heleneantonetti.fr<\/span>\n\t\t\t\t\t\t\t\t\t<\/li>\n\t\t\t\t\t\t<\/ul>\n\t\t\t\t\t\t<\/div>\n\t\t\t\t<\/div>\n\t\t\t\t<div class=\"elementor-element elementor-element-5ede05f7 elementor-widget elementor-widget-spacer\" data-id=\"5ede05f7\" data-element_type=\"widget\" data-widget_type=\"spacer.default\">\n\t\t\t\t<div class=\"elementor-widget-container\">\n\t\t\t\t\t\t\t<div class=\"elementor-spacer\">\n\t\t\t<div class=\"elementor-spacer-inner\"><\/div>\n\t\t<\/div>\n\t\t\t\t\t\t<\/div>\n\t\t\t\t<\/div>\n\t\t\t\t<div class=\"elementor-element elementor-element-29d705bd elementor-shape-circle elementor-grid-0 e-grid-align-center elementor-widget elementor-widget-social-icons\" data-id=\"29d705bd\" data-element_type=\"widget\" data-widget_type=\"social-icons.default\">\n\t\t\t\t<div class=\"elementor-widget-container\">\n\t\t\t\t\t\t\t<div class=\"elementor-social-icons-wrapper elementor-grid\">\n\t\t\t\t\t\t\t<span class=\"elementor-grid-item\">\n\t\t\t\t\t<a class=\"elementor-icon elementor-social-icon elementor-social-icon-linkedin elementor-repeater-item-406b1a7\" href=\"https:\/\/www.linkedin.com\/in\/h\u00e9l\u00e8ne-antonetti-b482b81b6\/\" target=\"_blank\">\n\t\t\t\t\t\t<span class=\"elementor-screen-only\">Linkedin<\/span>\n\t\t\t\t\t\t<i class=\"fab fa-linkedin\"><\/i>\t\t\t\t\t<\/a>\n\t\t\t\t<\/span>\n\t\t\t\t\t<\/div>\n\t\t\t\t\t\t<\/div>\n\t\t\t\t<\/div>\n\t\t\t\t<div class=\"elementor-element elementor-element-6f441471 elementor-widget elementor-widget-spacer\" data-id=\"6f441471\" data-element_type=\"widget\" data-widget_type=\"spacer.default\">\n\t\t\t\t<div class=\"elementor-widget-container\">\n\t\t\t\t\t\t\t<div class=\"elementor-spacer\">\n\t\t\t<div class=\"elementor-spacer-inner\"><\/div>\n\t\t<\/div>\n\t\t\t\t\t\t<\/div>\n\t\t\t\t<\/div>\n\t\t\t\t<div class=\"elementor-element elementor-element-6f5bff33 elementor-widget elementor-widget-image\" data-id=\"6f5bff33\" data-element_type=\"widget\" data-widget_type=\"image.default\">\n\t\t\t\t<div class=\"elementor-widget-container\">\n\t\t\t\t\t\t\t\t\t\t\t\t<figure class=\"wp-caption\">\n\t\t\t\t\t\t\t\t\t\t<img loading=\"lazy\" decoding=\"async\" width=\"800\" height=\"316\" src=\"https:\/\/heleneantonetti.fr\/wp-content\/uploads\/2019\/05\/LOGO_800.jpg\" class=\"attachment-large size-large wp-image-596\" alt=\"H\u00e9l\u00e8ne Antonetti photographe\" srcset=\"https:\/\/heleneantonetti.fr\/wp-content\/uploads\/2019\/05\/LOGO_800.jpg 800w, https:\/\/heleneantonetti.fr\/wp-content\/uploads\/2019\/05\/LOGO_800-300x119.jpg 300w, https:\/\/heleneantonetti.fr\/wp-content\/uploads\/2019\/05\/LOGO_800-768x303.jpg 768w\" sizes=\"(max-width: 800px) 100vw, 800px\" \/>\t\t\t\t\t\t\t\t\t\t\t<figcaption class=\"widget-image-caption wp-caption-text\">H\u00e9l\u00e8ne Antonetti photographe <\/figcaption>\n\t\t\t\t\t\t\t\t\t\t<\/figure>\n\t\t\t\t\t\t\t\t\t<\/div>\n\t\t\t\t<\/div>\n\t\t\t\t\t<\/div>\n\t\t<\/div>\n\t\t\t\t<div class=\"elementor-column elementor-col-33 elementor-top-column elementor-element elementor-element-65d0eac7\" data-id=\"65d0eac7\" data-element_type=\"column\">\n\t\t\t<div class=\"elementor-widget-wrap\">\n\t\t\t\t\t\t\t<\/div>\n\t\t<\/div>\n\t\t\t\t\t<\/div>\n\t\t<\/section>\n\t\t\t\t<\/div>\n\t\t","protected":false},"excerpt":{"rendered":"<p>Vie locale et \u00e9v\u00e8nements Voir, revivre, partager F\u00eate de village, march\u00e9 de No\u00ebl, concert en plein air\u2026 Ces moments font battre le c\u0153ur d\u2019une ville. Mon r\u00f4le? En capturer l\u2019intensit\u00e9, les regards, la lumi\u00e8re, les sourires \u2013 tout ce qui &hellip; <a href=\"https:\/\/heleneantonetti.fr\/?page_id=2847\">Lire la suite\u00ad\u00ad<\/a><\/p>\n","protected":false},"author":1,"featured_media":0,"parent":0,"menu_order":0,"comment_status":"closed","ping_status":"closed","template":"elementor_header_footer","meta":{"_eb_attr":"","footnotes":""},"class_list":["post-2847","page","type-page","status-publish","hentry"],"yoast_head":"<!-- This site is optimized with the Yoast SEO plugin v25.1 - https:\/\/yoast.com\/wordpress\/plugins\/seo\/ -->\n<title>Vie locale et \u00e9v\u00e8nements -<\/title>\n<meta name=\"robots\" content=\"index, follow, max-snippet:-1, max-image-preview:large, max-video-preview:-1\" \/>\n<link rel=\"canonical\" href=\"https:\/\/heleneantonetti.fr\/?page_id=2847\" \/>\n<meta property=\"og:locale\" content=\"fr_FR\" \/>\n<meta property=\"og:type\" content=\"article\" \/>\n<meta property=\"og:title\" content=\"Vie locale et \u00e9v\u00e8nements -\" \/>\n<meta property=\"og:description\" content=\"Vie locale et \u00e9v\u00e8nements Voir, revivre, partager F\u00eate de village, march\u00e9 de No\u00ebl, concert en plein air\u2026 Ces moments font battre le c\u0153ur d\u2019une ville. Mon r\u00f4le? En capturer l\u2019intensit\u00e9, les regards, la lumi\u00e8re, les sourires \u2013 tout ce qui &hellip; Lire la suite\u00ad\u00ad\" \/>\n<meta property=\"og:url\" content=\"https:\/\/heleneantonetti.fr\/?page_id=2847\" \/>\n<meta property=\"article:modified_time\" content=\"2025-08-28T16:27:43+00:00\" \/>\n<meta property=\"og:image\" content=\"https:\/\/heleneantonetti.fr\/wp-content\/uploads\/2025\/08\/Marche-de-Noel-2-1024x683.jpg\" \/>\n<meta name=\"twitter:card\" content=\"summary_large_image\" \/>\n<meta name=\"twitter:label1\" content=\"Dur\u00e9e de lecture estim\u00e9e\" \/>\n\t<meta name=\"twitter:data1\" content=\"4 minutes\" \/>\n<script type=\"application\/ld+json\" class=\"yoast-schema-graph\">{\"@context\":\"https:\/\/schema.org\",\"@graph\":[{\"@type\":\"WebPage\",\"@id\":\"https:\/\/heleneantonetti.fr\/?page_id=2847\",\"url\":\"https:\/\/heleneantonetti.fr\/?page_id=2847\",\"name\":\"Vie locale et \u00e9v\u00e8nements -\",\"isPartOf\":{\"@id\":\"https:\/\/heleneantonetti.fr\/#website\"},\"primaryImageOfPage\":{\"@id\":\"https:\/\/heleneantonetti.fr\/?page_id=2847#primaryimage\"},\"image\":{\"@id\":\"https:\/\/heleneantonetti.fr\/?page_id=2847#primaryimage\"},\"thumbnailUrl\":\"https:\/\/heleneantonetti.fr\/wp-content\/uploads\/2025\/08\/Marche-de-Noel-2-1024x683.jpg\",\"datePublished\":\"2025-08-28T16:21:40+00:00\",\"dateModified\":\"2025-08-28T16:27:43+00:00\",\"breadcrumb\":{\"@id\":\"https:\/\/heleneantonetti.fr\/?page_id=2847#breadcrumb\"},\"inLanguage\":\"fr-FR\",\"potentialAction\":[{\"@type\":\"ReadAction\",\"target\":[\"https:\/\/heleneantonetti.fr\/?page_id=2847\"]}]},{\"@type\":\"ImageObject\",\"inLanguage\":\"fr-FR\",\"@id\":\"https:\/\/heleneantonetti.fr\/?page_id=2847#primaryimage\",\"url\":\"https:\/\/heleneantonetti.fr\/wp-content\/uploads\/2025\/08\/Marche-de-Noel-2-scaled.jpg\",\"contentUrl\":\"https:\/\/heleneantonetti.fr\/wp-content\/uploads\/2025\/08\/Marche-de-Noel-2-scaled.jpg\",\"width\":2560,\"height\":1707},{\"@type\":\"BreadcrumbList\",\"@id\":\"https:\/\/heleneantonetti.fr\/?page_id=2847#breadcrumb\",\"itemListElement\":[{\"@type\":\"ListItem\",\"position\":1,\"name\":\"Accueil\",\"item\":\"https:\/\/heleneantonetti.fr\/\"},{\"@type\":\"ListItem\",\"position\":2,\"name\":\"Vie locale et \u00e9v\u00e8nements\"}]},{\"@type\":\"WebSite\",\"@id\":\"https:\/\/heleneantonetti.fr\/#website\",\"url\":\"https:\/\/heleneantonetti.fr\/\",\"name\":\"\",\"description\":\"Fa\u00eetes-vous plaisir en immortalisant vos instants importants !\",\"potentialAction\":[{\"@type\":\"SearchAction\",\"target\":{\"@type\":\"EntryPoint\",\"urlTemplate\":\"https:\/\/heleneantonetti.fr\/?s={search_term_string}\"},\"query-input\":{\"@type\":\"PropertyValueSpecification\",\"valueRequired\":true,\"valueName\":\"search_term_string\"}}],\"inLanguage\":\"fr-FR\"}]}<\/script>\n<!-- \/ Yoast SEO plugin. -->","yoast_head_json":{"title":"Vie locale et \u00e9v\u00e8nements -","robots":{"index":"index","follow":"follow","max-snippet":"max-snippet:-1","max-image-preview":"max-image-preview:large","max-video-preview":"max-video-preview:-1"},"canonical":"https:\/\/heleneantonetti.fr\/?page_id=2847","og_locale":"fr_FR","og_type":"article","og_title":"Vie locale et \u00e9v\u00e8nements -","og_description":"Vie locale et \u00e9v\u00e8nements Voir, revivre, partager F\u00eate de village, march\u00e9 de No\u00ebl, concert en plein air\u2026 Ces moments font battre le c\u0153ur d\u2019une ville. Mon r\u00f4le? En capturer l\u2019intensit\u00e9, les regards, la lumi\u00e8re, les sourires \u2013 tout ce qui &hellip; Lire la suite\u00ad\u00ad","og_url":"https:\/\/heleneantonetti.fr\/?page_id=2847","article_modified_time":"2025-08-28T16:27:43+00:00","og_image":[{"url":"https:\/\/heleneantonetti.fr\/wp-content\/uploads\/2025\/08\/Marche-de-Noel-2-1024x683.jpg","type":"","width":"","height":""}],"twitter_card":"summary_large_image","twitter_misc":{"Dur\u00e9e de lecture estim\u00e9e":"4 minutes"},"schema":{"@context":"https:\/\/schema.org","@graph":[{"@type":"WebPage","@id":"https:\/\/heleneantonetti.fr\/?page_id=2847","url":"https:\/\/heleneantonetti.fr\/?page_id=2847","name":"Vie locale et \u00e9v\u00e8nements -","isPartOf":{"@id":"https:\/\/heleneantonetti.fr\/#website"},"primaryImageOfPage":{"@id":"https:\/\/heleneantonetti.fr\/?page_id=2847#primaryimage"},"image":{"@id":"https:\/\/heleneantonetti.fr\/?page_id=2847#primaryimage"},"thumbnailUrl":"https:\/\/heleneantonetti.fr\/wp-content\/uploads\/2025\/08\/Marche-de-Noel-2-1024x683.jpg","datePublished":"2025-08-28T16:21:40+00:00","dateModified":"2025-08-28T16:27:43+00:00","breadcrumb":{"@id":"https:\/\/heleneantonetti.fr\/?page_id=2847#breadcrumb"},"inLanguage":"fr-FR","potentialAction":[{"@type":"ReadAction","target":["https:\/\/heleneantonetti.fr\/?page_id=2847"]}]},{"@type":"ImageObject","inLanguage":"fr-FR","@id":"https:\/\/heleneantonetti.fr\/?page_id=2847#primaryimage","url":"https:\/\/heleneantonetti.fr\/wp-content\/uploads\/2025\/08\/Marche-de-Noel-2-scaled.jpg","contentUrl":"https:\/\/heleneantonetti.fr\/wp-content\/uploads\/2025\/08\/Marche-de-Noel-2-scaled.jpg","width":2560,"height":1707},{"@type":"BreadcrumbList","@id":"https:\/\/heleneantonetti.fr\/?page_id=2847#breadcrumb","itemListElement":[{"@type":"ListItem","position":1,"name":"Accueil","item":"https:\/\/heleneantonetti.fr\/"},{"@type":"ListItem","position":2,"name":"Vie locale et \u00e9v\u00e8nements"}]},{"@type":"WebSite","@id":"https:\/\/heleneantonetti.fr\/#website","url":"https:\/\/heleneantonetti.fr\/","name":"","description":"Fa\u00eetes-vous plaisir en immortalisant vos instants importants !","potentialAction":[{"@type":"SearchAction","target":{"@type":"EntryPoint","urlTemplate":"https:\/\/heleneantonetti.fr\/?s={search_term_string}"},"query-input":{"@type":"PropertyValueSpecification","valueRequired":true,"valueName":"search_term_string"}}],"inLanguage":"fr-FR"}]}},"_links":{"self":[{"href":"https:\/\/heleneantonetti.fr\/index.php?rest_route=\/wp\/v2\/pages\/2847","targetHints":{"allow":["GET"]}}],"collection":[{"href":"https:\/\/heleneantonetti.fr\/index.php?rest_route=\/wp\/v2\/pages"}],"about":[{"href":"https:\/\/heleneantonetti.fr\/index.php?rest_route=\/wp\/v2\/types\/page"}],"author":[{"embeddable":true,"href":"https:\/\/heleneantonetti.fr\/index.php?rest_route=\/wp\/v2\/users\/1"}],"replies":[{"embeddable":true,"href":"https:\/\/heleneantonetti.fr\/index.php?rest_route=%2Fwp%2Fv2%2Fcomments&post=2847"}],"version-history":[{"count":10,"href":"https:\/\/heleneantonetti.fr\/index.php?rest_route=\/wp\/v2\/pages\/2847\/revisions"}],"predecessor-version":[{"id":2866,"href":"https:\/\/heleneantonetti.fr\/index.php?rest_route=\/wp\/v2\/pages\/2847\/revisions\/2866"}],"wp:attachment":[{"href":"https:\/\/heleneantonetti.fr\/index.php?rest_route=%2Fwp%2Fv2%2Fmedia&parent=2847"}],"curies":[{"name":"wp","href":"https:\/\/api.w.org\/{rel}","templated":true}]}}